{"id":12,"date":"2024-07-07T22:25:05","date_gmt":"2024-07-07T20:25:05","guid":{"rendered":"http:\/\/future-office.pl\/?page_id=12"},"modified":"2024-09-24T21:45:38","modified_gmt":"2024-09-24T19:45:38","slug":"szczegoly-projektu","status":"publish","type":"page","link":"http:\/\/future-office.pl\/?page_id=12","title":{"rendered":"Co zyskujesz pracuj\u0105c z nami?"},"content":{"rendered":"\n<div class=\"wp-block-cover alignfull\" style=\"min-height:320px;aspect-ratio:unset;\"><span aria-hidden=\"true\" class=\"wp-block-cover__background has-nv-site-bg-background-color has-background-dim-100 has-background-dim\"><\/span><div class=\"wp-block-cover__inner-container is-layout-flow wp-block-cover-is-layout-flow\">\n<div class=\"wp-block-group\" style=\"padding-right:var(--wp--preset--spacing--30);padding-left:var(--wp--preset--spacing--30)\"><div class=\"wp-block-group__inner-container is-layout-flow wp-block-group-is-layout-flow\">\n<div class=\"wp-block-columns are-vertically-aligned-center is-layout-flex wp-container-core-columns-is-layout-9d6595d7 wp-block-columns-is-layout-flex\">\n<div class=\"wp-block-column is-vertically-aligned-center has-nv-dark-bg-color has-text-color has-link-color wp-elements-49652a904da1c951c405e5ff9a89f84e is-layout-flow wp-block-column-is-layout-flow\" style=\"flex-basis:70%\">\n<div style=\"height:0px\" aria-hidden=\"true\" class=\"wp-block-spacer\"><\/div>\n\n\n\n<div class=\"wp-block-outermost-icon-block aligncenter items-justified-center\"><div class=\"icon-container has-icon-color has-icon-background-color has-nv-site-bg-background-color has-nv-c-1-color\" style=\"background-color:var(--nv-site-bg);color:var(--nv-c-1);width:141px;border-style:none;border-width:0px\"><svg xmlns=\"http:\/\/www.w3.org\/2000\/svg\" viewBox=\"0 0 24 24\" aria-hidden=\"true\"><path d=\"M3.445 16.505a.75.75 0 001.06.05l5.005-4.55 4.024 3.521 4.716-4.715V14h1.5V8.25H14v1.5h3.19l-3.724 3.723L9.49 9.995l-5.995 5.45a.75.75 0 00-.05 1.06z\"><\/path><\/svg><\/div><\/div>\n\n\n\n<ul class=\"wp-block-list\">\n<li><strong>Oszcz\u0119dno\u015b\u0107 koszt\u00f3w:<\/strong> Zatrudnienie pracownika na pe\u0142en etat wi\u0105\u017ce si\u0119 z wieloma kosztami \u2013 od wynagrodzenia po sk\u0142adki i benefity. Wybieraj\u0105c outsourcing, p\u0142acisz tylko za konkretne zadania i us\u0142ugi, kt\u00f3re s\u0105 Ci potrzebne.<\/li>\n\n\n\n<li><strong>Zwi\u0119kszona efektywno\u015b\u0107:<\/strong> Skup si\u0119 na kluczowych aspektach rozwoju swojego biznesu, a my zajmiemy si\u0119 ca\u0142\u0105 reszt\u0105. Obs\u0142ugujemy zadania administracyjne, biurowe i organizacyjne, odci\u0105\u017caj\u0105c Tw\u00f3j zesp\u00f3\u0142.<\/li>\n\n\n\n<li><strong>Brak zobowi\u0105za\u0144:<\/strong> Nie musisz martwi\u0107 si\u0119 o umowy o prac\u0119, zwolnienia chorobowe czy urlopy. Wsp\u00f3\u0142praca z Future Office to pe\u0142na elastyczno\u015b\u0107 \u2013 dostosowujemy si\u0119 do Twoich potrzeb.<\/li>\n\n\n\n<li><strong>Dost\u0119p do ekspert\u00f3w:<\/strong> Zyskujesz dost\u0119p do specjalist\u00f3w z r\u00f3\u017cnych dziedzin administracyjnych bez potrzeby zatrudniania nowych pracownik\u00f3w. Nasz zesp\u00f3\u0142 to profesjonali\u015bci z do\u015bwiadczeniem, kt\u00f3rzy sprawnie i skutecznie wykonuj\u0105 swoje zadania.<\/li>\n\n\n\n<li><strong>Skalowalno\u015b\u0107:<\/strong> Niezale\u017cnie od tego, czy Twoja firma si\u0119 rozwija, czy prze\u017cywa sezonowy wzrost zapotrzebowania, nasza oferta dostosowuje si\u0119 do aktualnych potrzeb Twojego biznesu.<\/li>\n<\/ul>\n<\/div>\n<\/div>\n<\/div><\/div>\n<\/div><\/div>\n\n\n\n<div class=\"wp-block-cover alignfull\" style=\"min-height:600px;aspect-ratio:unset;\"><span aria-hidden=\"true\" class=\"wp-block-cover__background has-nv-site-bg-background-color has-background-dim-100 has-background-dim\"><\/span><div class=\"wp-block-cover__inner-container is-layout-flow wp-block-cover-is-layout-flow\">\n<div class=\"wp-block-group\"><div class=\"wp-block-group__inner-container is-layout-flow wp-block-group-is-layout-flow\">\n<div style=\"height:80px\" aria-hidden=\"true\" class=\"wp-block-spacer\"><\/div>\n\n\n\n<h2 class=\"wp-block-heading has-text-align-center has-neve-text-color-color has-text-color\">Nasi klienci:<\/h2>\n\n\n\n<div style=\"height:20px\" aria-hidden=\"true\" class=\"wp-block-spacer\"><\/div>\n\n\n\n<div class=\"wp-block-columns are-vertically-aligned-center is-layout-flex wp-container-core-columns-is-layout-9d6595d7 wp-block-columns-is-layout-flex\">\n<div class=\"wp-block-column is-vertically-aligned-center is-layout-flow wp-block-column-is-layout-flow\" style=\"padding-right:var(--wp--preset--spacing--30);padding-left:var(--wp--preset--spacing--30);flex-basis:50%\">\n<figure class=\"wp-block-image size-full is-resized has-custom-border\"><img loading=\"lazy\" decoding=\"async\" width=\"2500\" height=\"2500\" src=\"https:\/\/future-office.pl\/wp-content\/uploads\/2024\/09\/Projekt-bezfdgdfg-nazwy.png\" alt=\"\" class=\"wp-image-45\" style=\"border-radius:24px;width:330px\" srcset=\"http:\/\/future-office.pl\/wp-content\/uploads\/2024\/09\/Projekt-bezfdgdfg-nazwy.png 2500w, http:\/\/future-office.pl\/wp-content\/uploads\/2024\/09\/Projekt-bezfdgdfg-nazwy-300x300.png 300w, http:\/\/future-office.pl\/wp-content\/uploads\/2024\/09\/Projekt-bezfdgdfg-nazwy-1024x1024.png 1024w, http:\/\/future-office.pl\/wp-content\/uploads\/2024\/09\/Projekt-bezfdgdfg-nazwy-150x150.png 150w, http:\/\/future-office.pl\/wp-content\/uploads\/2024\/09\/Projekt-bezfdgdfg-nazwy-768x768.png 768w, http:\/\/future-office.pl\/wp-content\/uploads\/2024\/09\/Projekt-bezfdgdfg-nazwy-1536x1536.png 1536w, http:\/\/future-office.pl\/wp-content\/uploads\/2024\/09\/Projekt-bezfdgdfg-nazwy-2048x2048.png 2048w\" sizes=\"auto, (max-width: 2500px) 100vw, 2500px\" \/><\/figure>\n\n\n\n<div style=\"height:24px\" aria-hidden=\"true\" class=\"wp-block-spacer\"><\/div>\n\n\n\n<h3 class=\"wp-block-heading has-text-align-center has-neve-text-color-color has-text-color\">www.hashmagnet.pl<\/h3>\n\n\n\n<div style=\"height:40px\" aria-hidden=\"true\" class=\"wp-block-spacer\"><\/div>\n<\/div>\n\n\n\n<div class=\"wp-block-column is-vertically-aligned-center is-layout-flow wp-block-column-is-layout-flow\" style=\"padding-right:var(--wp--preset--spacing--30);padding-left:var(--wp--preset--spacing--30);flex-basis:50%\">\n<figure class=\"wp-block-image size-full has-custom-border\"><img loading=\"lazy\" decoding=\"async\" width=\"2500\" height=\"2500\" src=\"https:\/\/future-office.pl\/wp-content\/uploads\/2024\/09\/gdrfg.png\" alt=\"\" class=\"wp-image-46\" style=\"border-radius:24px\" srcset=\"http:\/\/future-office.pl\/wp-content\/uploads\/2024\/09\/gdrfg.png 2500w, http:\/\/future-office.pl\/wp-content\/uploads\/2024\/09\/gdrfg-300x300.png 300w, http:\/\/future-office.pl\/wp-content\/uploads\/2024\/09\/gdrfg-1024x1024.png 1024w, http:\/\/future-office.pl\/wp-content\/uploads\/2024\/09\/gdrfg-150x150.png 150w, http:\/\/future-office.pl\/wp-content\/uploads\/2024\/09\/gdrfg-768x768.png 768w, http:\/\/future-office.pl\/wp-content\/uploads\/2024\/09\/gdrfg-1536x1536.png 1536w, http:\/\/future-office.pl\/wp-content\/uploads\/2024\/09\/gdrfg-2048x2048.png 2048w\" sizes=\"auto, (max-width: 2500px) 100vw, 2500px\" \/><\/figure>\n\n\n\n<div style=\"height:24px\" aria-hidden=\"true\" class=\"wp-block-spacer\"><\/div>\n\n\n\n<h3 class=\"wp-block-heading has-text-align-center has-neve-text-color-color has-text-color\">www.petformed.pl<\/h3>\n\n\n\n<div style=\"height:40px\" aria-hidden=\"true\" class=\"wp-block-spacer\"><\/div>\n<\/div>\n\n\n\n<div class=\"wp-block-column is-vertically-aligned-center is-layout-flow wp-block-column-is-layout-flow\" style=\"padding-right:var(--wp--preset--spacing--30);padding-left:var(--wp--preset--spacing--30);flex-basis:50%\">\n<figure class=\"wp-block-image size-full has-custom-border\"><img loading=\"lazy\" decoding=\"async\" width=\"2500\" height=\"2500\" src=\"https:\/\/future-office.pl\/wp-content\/uploads\/2024\/09\/yhyhy.png\" alt=\"\" class=\"wp-image-48\" style=\"border-radius:24px\" srcset=\"http:\/\/future-office.pl\/wp-content\/uploads\/2024\/09\/yhyhy.png 2500w, http:\/\/future-office.pl\/wp-content\/uploads\/2024\/09\/yhyhy-300x300.png 300w, http:\/\/future-office.pl\/wp-content\/uploads\/2024\/09\/yhyhy-1024x1024.png 1024w, http:\/\/future-office.pl\/wp-content\/uploads\/2024\/09\/yhyhy-150x150.png 150w, http:\/\/future-office.pl\/wp-content\/uploads\/2024\/09\/yhyhy-768x768.png 768w, http:\/\/future-office.pl\/wp-content\/uploads\/2024\/09\/yhyhy-1536x1536.png 1536w, http:\/\/future-office.pl\/wp-content\/uploads\/2024\/09\/yhyhy-2048x2048.png 2048w\" sizes=\"auto, (max-width: 2500px) 100vw, 2500px\" \/><\/figure>\n\n\n\n<div style=\"height:24px\" aria-hidden=\"true\" class=\"wp-block-spacer\"><\/div>\n\n\n\n<h3 class=\"wp-block-heading has-text-align-center has-neve-text-color-color has-text-color\">www.netby.pl<\/h3>\n\n\n\n<div style=\"height:40px\" aria-hidden=\"true\" class=\"wp-block-spacer\"><\/div>\n<\/div>\n<\/div>\n\n\n\n<div style=\"height:40px\" aria-hidden=\"true\" class=\"wp-block-spacer\"><\/div>\n<\/div><\/div>\n<\/div><\/div>\n","protected":false},"excerpt":{"rendered":"","protected":false},"author":1,"featured_media":0,"parent":0,"menu_order":0,"comment_status":"closed","ping_status":"closed","template":"","meta":{"neve_meta_sidebar":"","neve_meta_container":"","neve_meta_enable_content_width":"on","neve_meta_content_width":100,"neve_meta_title_alignment":"","neve_meta_author_avatar":"","neve_post_elements_order":"","neve_meta_disable_header":"","neve_meta_disable_footer":"","neve_meta_disable_title":"on","footnotes":""},"class_list":["post-12","page","type-page","status-publish","hentry"],"_links":{"self":[{"href":"http:\/\/future-office.pl\/index.php?rest_route=\/wp\/v2\/pages\/12","targetHints":{"allow":["GET"]}}],"collection":[{"href":"http:\/\/future-office.pl\/index.php?rest_route=\/wp\/v2\/pages"}],"about":[{"href":"http:\/\/future-office.pl\/index.php?rest_route=\/wp\/v2\/types\/page"}],"author":[{"embeddable":true,"href":"http:\/\/future-office.pl\/index.php?rest_route=\/wp\/v2\/users\/1"}],"replies":[{"embeddable":true,"href":"http:\/\/future-office.pl\/index.php?rest_route=%2Fwp%2Fv2%2Fcomments&post=12"}],"version-history":[{"count":5,"href":"http:\/\/future-office.pl\/index.php?rest_route=\/wp\/v2\/pages\/12\/revisions"}],"predecessor-version":[{"id":118,"href":"http:\/\/future-office.pl\/index.php?rest_route=\/wp\/v2\/pages\/12\/revisions\/118"}],"wp:attachment":[{"href":"http:\/\/future-office.pl\/index.php?rest_route=%2Fwp%2Fv2%2Fmedia&parent=12"}],"curies":[{"name":"wp","href":"https:\/\/api.w.org\/{rel}","templated":true}]}}